 s(1).
-387
Let o(x) = -6*x**2 - 281*x + 16742. Calculate o(-82).
-560
Let k(u) = -u**3 - 153*u**2 - 236*u - 6846. Calculate k(-152).
5922
Let m(v) = 53*v**2 - 1719*v + 3447. Give m(2).
221
Let s(u) = -2*u**2 - 78*u + 1110. Calculate s(-46).
466
Let x(a) = 161943*a - 485832. Calculate x(3).
-3
Let b(x) = -4011*x**2 - 4724957*x + 1170. What is b(-1178)?
-8
Let w(v) = -287764*v - 5179746. Give w(-18).
6
Let k(c) = -298*c - 6648. Determine k(-23).
206
Let h(a) = -a**3 - 101*a**2 - 2546*a + 101. Calculate h(-50).
-99
Let n(p) = 3*p**3 + 106*p**2 + 931*p + 1709. What is n(-10)?
-1
Let t(h) = -58*h**2 - 698*h - 134. Give t(-12).
-110
Let t(w) = -582*w - 10803. Determine t(-19).
255
Let v(g) = 8*g**2 - 213*g + 1790. Determine v(8).
598
Let a(o) = -5286*o + 1051979. Calculate a(199).
65
Let a(f) = f**3 - 6*f**2 - 231*f - 494. Give a(-11).
-10
Let p(w) = 18910*w - 699701. Calculate p(37).
-31
Let f(y) = 7*y**2 + 101*y + 332. Give f(-3).
92
Let z(j) = -3*j**3 + 12*j**2 + 15494*j - 46490. Give z(3).
19
Let y(z) = z**3 - 80*z**2 + 91*z - 4882. Give y(80).
2398
Let w(z) = -80*z**3 + 638*z**2 + 22*z - 87. Determine w(8).
-39
Let b(k) = 244*k + 2116. Determine b(0).
2116
Let o(y) = 37*y**2 - 1551*y - 106. Determine o(42).
20
Let l(q) = -3*q**2 - 52*q - 198. Give l(-21).
-429
Let a(k) = -6*k**3 + 3127*k**2 - 509*k - 6239. Determine a(521).
13
Let i(t) = -2*t**3 + 111*t**2 + 795*t - 7573. What is i(61)?
-9
Let q(z) = 442*z - 1783. Give q(3).
-457
Let a(p) = -33*p**3 + 202*p**2 - 24*p + 18. What is a(6)?
18
Let v(z) = -13*z**3 - 25*z**2 - 89*z - 18. Determine v(-3).
375
Let t(k) = -5*k**3 - 24*k**2 + 182*k - 9. Give t(6).
-861
Let r(l) = 276*l**3 - 2*l**2 - 2489*l - 2487. Calculate r(-1).
-276
Let g(h) = -22*h**2 + 769*h - 2277. Calculate g(3).
-168
Let a(o) = 123771*o - 4. What is a(0)?
-4
Let y(a) = 683*a - 52569. Determine y(77).
22
Let v(c) = 2164*c + 220689. Calculate v(-102).
-39
Let w(x) = -4674*x - 9353. What is w(-2)?
-5
Let o(v) = v**3 - 8*v**2 + 4*v - 31. Determine o(4).
-79
Let y(k) = -k**3 + 4*k**2 + 1486*k - 13361. Give y(9).
-392
Let q(j) = -18*j**3 - 59*j**2 + 4*j - 26. What is q(-6)?
1714
Let l(a) = 5*a**3 - 180*a**2 - 187*a + 162. Give l(37).
88
Let z(u) = -u**3 + 339*u**2 + 13094*u - 1480. What is z(374)?
16
Let n(y) = -11*y**3 + 2614*y**2 + 3629*y - 10515. Calculate n(239).
1
Let p(l) = -653*l - 162546. What is p(-250)?
704
Let c(y) = 30*y**2 + 214*y + 19. What is c(-8)?
227
Let n(k) = -9*k**3 + k**2 + 25*k - 12. Calculate n(-3).
165
Let b(m) = m**3 - 9*m**2 - 2106*m + 22925. Calculate b(11).
1
Let d(r) = -r**3 - 506*r**2 + 3558*r + 179. Give d(7).
-52
Let p(m) = 11*m**2 - 535*m - 282. Calculate p(49).
-86
Let m(p) = p**3 - 43*p**2 - 112*p + 10454. Calculate m(39).
2
Let f(j) = -j**3 - j**2 - 545*j - 1642. Give f(-3).
11
Let v(m) = 2377*m + 13871. Calculate v(-6).
-391
Let q(k) = k**3 + 65*k**2 - 1099*k + 951. Determine q(-79).
398
Let r(s) = 11421*s - 45294. Determine r(4).
390
Let x(k) = -29816*k - 2653608. What is x(-89)?
16
Let l(k) = 221*k**2 + 265*k + 163. What is l(-5)?
4363
Let c(v) = -390*v - 31512. What is c(-81)?
78
Let a(w) = 2*w**3 + 129*w**2 + 432*w + 23560. What is a(-64)?
8
Let y(p) = 60*p**3 + 2098*p**2 + 89*p + 5570. What is y(-35)?
5
Let i(m) = 6*m**3 - 392*m**2 + 127*m - 9. Give i(65).
-204
Let d(l) = -284*l + 12002. What is d(45)?
-778
Let a(p) = -38*p**2 + 414*p + 1066. Give a(13).
26
Let o(c) = -c**3 + 45*c**2 - 461*c - 161. Determine o(22).
829
Let p(q) = -2*q**3 - 100*q**2 + 16*q + 225. Calculate p(-50).
-575
Let f(d) = d**3 + 136*d**2 - 109*d + 3855. Give f(-137).
19
Let u(p) = -169*p - 1692. Calculate u(-13).
505
Let u(d) = 424*d**2 - 497*d + 1911. Calculate u(4).
6707
Let z(i) = -138*i**2 + 9897*i + 9899. What is z(-1)?
-136
Let m(x) = 4*x**3 + 76*x**2 - 1845*x - 39. What is m(14)?
3
Let v(f) = -13*f**3 - f**2 + 38*f - 84. Calculate v(3).
-330
Let u(g) = g**3 + 80*g**2 - 7025*g - 560169. Give u(-78).
-51
Let k(b) = 11617*b - 104645. Give k(9).
-92
Let v(j) = 4*j**3 + 93*j**2 + 388*j + 86. What is v(-18)?
-94
Let v(s) = -6*s**2 - 631*s + 34843. What is v(40)?
3
Let c(a) = -12*a**3 + 3010*a**2 + 497*a + 1257. What is c(251)?
2
Let w(c) = -10*c**2 + 206*c - 807. Give w(4).
-143
Let t(c) = -2*c**2 - 33*c + 65726. Calculate t(-189).
521
Let h(m) = -m**3 - 15*m**2 - 2*m + 106. Give h(-11).
-356
Let x(u) = -u**3 + 139*u**2 - 932*u + 1073. Calculate x(132).
17
Let q(t) = -6*t**3 - 48*t**2 + 70*t + 796. Determine q(-5).
-4
Let z(y) = 201*y - 8278. What is z(44)?
566
Let g(p) = -2*p**3 + 17*p**2 + 15*p - 74. Determine g(3).
70
Let j(h) = -3*h**3 + 186*h**2 - 162*h - 199. Calculate j(61).
1082
Let k(d) = 479*d - 5778. What is k(12)?
-30
Let w(j) = -254670*j - 36927154. Determine w(-145).
-4
Let i(c) = 345*c - 1541. Give i(6).
529
Let f(j) = j**3 - 14*j**2 + 111*j - 435. Determine f(8).
69
Let n(w) = -15195*w + 90912. What is n(6)?
-258
Let i(b) = -b**2 + 7700*b - 53851. What is i(7)?
0
Let d(n) = -n**2 + 27*n + 854. What is d(-19)?
-20
Let t(g) = 693028*g - 693030. Give t(1).
-2
Let h(s) = -s**3 + 32*s**2 + 768*s - 957. What is h(-17)?
148
Let r(f) = -2*f**3 - 49*f**2 - 57*f - 2067. Calculate r(-25).
-17
Let v(g) = -224*g**2 + 29142*g - 2868. Give v(130).
-8
Let z(h) = -h**3 - 87*h**2 + 4939*h + 423780. What is z(-89)?
51
Let c(m) = -11203*m - 3159259. Calculate c(-282).
-13
Let q(b) = 687*b + 39154. Determine q(-57).
-5
Let f(h) = 2*h**3 - 90*h**2 + 134*h + 1177. What is f(43)?
-457
Let y(x) = -3*x**2 + 11*x + 6690. What is y(49)?
26
Let g(t) = 117*t - 1330. Determine g(8).
-394
Let t(g) = -2*g**3 + 57*g**2 + 3*g + 826. Determine t(29).
72
Let x(q) = -q**2 - 2488361*q - 32348520. What is x(-13)?
4
Let t(c) = -c**2 - 94559*c + 1418618. What is t(15)?
8
Let a(o) = -17*o - 1394. Determine a(-62).
-340
Let x(w) = -8*w + 339. Calculate x(104).
-493
Let d(c) = -2*c**2 - 29*c + 2143. Calculate d(26).
37
Let d(t) = -331*t + 806. Calculate d(4).
-518
Let s(m) = 10996*m - 65948. Give s(6).
28
Let c(m) = m**2 - 2301*m - 37066. Calculate c(-16).
6
Let w(v) = -9*v**3 - 6629*v**2 + 2949*v + 741. What is w(-737)?
4
Let s(a) = 10*a**3 + 161*a**2 + 495*a + 5. Calculate s(-3).
-301
Let o(r) = -482*r + 811. Give o(2).
-153
Let k(a) = 4*a**2 + 2314*a + 13885. Determine k(-6).
145
Let q(g) = -26756*g + 48. What is q(0)?
48
Let y(o) = 268*o + 20507. What is y(-78)?
-397
Let c(r) = -4*r**3 - 5*r**2 - 65*r - 183. Give c(-3).
75
Let b(l) = -110*l**3 + 20*l**2 + 37*l - 58. Calculate b(1).
-111
Let w(i) = 7512*i + 82532. Determine w(-11).
-100
Let m(u) = -1128*u - 62267. What is m(-55)?
-227
Let m(v) = -80*v**2 - 587*v - 188. Determine m(-7).
1
Let k(j) = 5558951*j + 27794757. What is k(-5)?
2
Let s(v) = -137*v**2 - 2623*v - 279. Determine s(-19).
101
Let g(x) = -x**3 - 23*x**2 + 538*x + 124. Determine g(-39).
3478
Let b(z) = -9958*z - 647261. What is b(-65)?
9
Let q(y) = 2*y**3 + 13*y**2 + 12*y - 14. What is q(-8)?
-302
Let w(d) = 71*d - 1306. What is w(23)?
327
Let v(j) = 552*j - 93863. Give v(170).
-23
Let z(b) = 3*b**2 - 8*b - 407. Give z(-10).
-27
Let u(j) = -457090*j + 4570921. Calculate u(10).
21
Let m(h) = h**2 + 532*h - 6355. Give m(12).
173
Let u(q) = q**2 - 28874*q - 462218. Calculate u(-16).
22
Let q(x) = -22*x**2 - 240*x + 1423. What is q(6)?
-809
Let h(p) = 3*p**3 + 2260*p**2 + 3059*p + 38348. Give h(-752).
-4
Let y(m) = 6230*m + 6262. Give y(-1).
32
Let c(z) = -27*z**2 - 445*z - 1706. Give c(-10).
44
Let n(z) = 379*z**2 - 1058*z - 197. Determine n(3).
40
Let m(r) = 2*r**3 - 16*r**2 - 81*r - 449. Calculate m(-5).
-694
Let r(c) = 233*c**2 - 2551*c - 6. Determine r(11).
126
Let z(i) = 358*i**2 - 1618*i + 11. Determine z(4).
-733
Let u(p) = -p**2 - 84*p - 572. Determine u(-14).
408
Let y(j) = j**3 + 2107*j**2 + 8413*j + 1. Calculate y(-4).
-3
Let l(f) = -8297*f - 2804359. What is l(-338)?
27
Let y(f) = 8*f**3 - 170*f**2 - 13*f + 772. Determine y(21).
-383
Let a(y) = 37346*y - 261263. Calculate a(7).
159
Let t(l) = l**3 - 100*l**2 - 85*l - 1643. Give t(101).
-27
Let p(t) = 4*t**2 - 187*t - 448. Calculate p(49).
-7
Let p(a) = -a**2 + 568*a + 7464. Determine p(-13).
-89
Let p(j) = -530*j - 465. Give p(-1).
65
Let u(s) = 3*s**3 + 25*s**2 - 20*s + 3. Give u(4).
515
Let p(w) = 25386*w - 304671. What is p(12)?
-39
Let i(q) = q**3 - 106*q**2 